{"id":108,"date":"2024-07-20T20:53:33","date_gmt":"2024-07-20T20:53:33","guid":{"rendered":"https:\/\/wp.atlasbike.es\/?page_id=108"},"modified":"2025-03-22T11:02:51","modified_gmt":"2025-03-22T11:02:51","slug":"politica-de-privacidad","status":"publish","type":"page","link":"https:\/\/www.atlasbike.es\/index.php\/politica-de-privacidad\/","title":{"rendered":"POL\u00cdTICA DE PRIVACIDAD"},"content":{"rendered":"\n<p><strong>1. AVISO LEGAL<\/strong><\/p>\n\n\n\n<p><strong>TITULAR DE LA APLICACI\u00d3N<\/strong><\/p>\n\n\n\n<p>Nombre: Atlas Bike, SL.<\/p>\n\n\n\n<p>CIF:&nbsp;B75498097<\/p>\n\n\n\n<p>N\u00famero del Registro Mercantil: Asiento 14179 Tomo, Folio 0, Hoja M-839574, Inscripci\u00f3n 1\u00aa.<\/p>\n\n\n\n<p>Direcci\u00f3n postal:&nbsp; C\/ Corona 19, Portal B. 28054 (Madrid)<\/p>\n\n\n\n<p>Correo electr\u00f3nico: <a href=\"mailto:info@atlasbike.es\">info@atlasbike.es<\/a><\/p>\n\n\n\n<p><strong>GARANT\u00cdA Y RESPONSABILIDAD<\/strong><\/p>\n\n\n\n<p>Atlas Bike garantiza el servicio de informaci\u00f3n en su aplicaci\u00f3n en relaci\u00f3n con las carreras ciclistas que se produzcan a nivel nacional en su \u00e1mbito competitivo y no competitivo federado. La informaci\u00f3n expuesta en la aplicaci\u00f3n es facilitada por direcciones webs, clubs y medios de comunicaci\u00f3n que aportan de manera p\u00fablica datos relacionados con el sector ciclista.&nbsp;<\/p>\n\n\n\n<p>El usuario registrado en la aplicaci\u00f3n de Atlas Bike se hace responsable de su uso y se compromete a cumplir las condiciones de la misma.<\/p>\n\n\n\n<p>Atlas Bike se hace responsable de los errores que pudieran aparecer en alguna informaci\u00f3n expuesta de las carreras ciclistas, con el compromiso de comprobar y corregir a corto plazo dicha informaci\u00f3n.&nbsp;<\/p>\n\n\n\n<p>Atlas Bike no se har\u00e1 responsable de las actuaciones ileg\u00edtimas que pudieran producirse de terceros, del mal uso de la aplicaci\u00f3n as\u00ed como del incumplimiento de las condiciones de uso que pueda producirse por parte de un usuario registrado.&nbsp;<\/p>\n\n\n\n<p>Atlas Bike no se responsabiliza de los problemas que puedan producirse en la conexi\u00f3n a internet de la aplicaci\u00f3n ni a los errores que puedan aparecer en el acceso a la aplicaci\u00f3n.&nbsp;<\/p>\n\n\n\n<p>Atlas Bike no garantiza la ausencia de virus ni de otros elementos en la aplicaci\u00f3n que puedan producir alteraciones en su sistema inform\u00e1tico. Atlas Bike, no se har\u00e1 responsable de los da\u00f1os ajenos que puedan afectar a la aplicaci\u00f3n debido a posibles virus inform\u00e1ticos y errores que puedan producirse mediante su uso.<\/p>\n\n\n\n<p>Atlas Bike declina cualquier responsabilidad por los servicios y\/o informaci\u00f3n que se preste en otros sitios enlazados con este. En el caso de que en nombre del dominio se dispusiese enlaces o hiperv\u00ednculos hac\u00eda otros sitios de Internet, Atlas Bike no ejercer\u00e1 ning\u00fan tipo de control sobre dichos sitios y contenidos. En ning\u00fan caso Atlas Bike asumir\u00e1 responsabilidad alguna por los contenidos de alg\u00fan enlace perteneciente a un sitio web ajeno, ni garantizar\u00e1 la disponibilidad t\u00e9cnica, calidad, fiabilidad, exactitud, amplitud, veracidad, validez y constitucionalidad de cualquier material o informaci\u00f3n contenida en ninguno de dichos hiperv\u00ednculos u otros sitios de Internet. Aconsejamos a los usuarios de la aplicaci\u00f3n a actuar con prudencia y consultar las eventuales condiciones legales que se expongan en las direcciones&nbsp; webs.<\/p>\n\n\n\n<p><strong>PROPIEDAD INTELECTUAL&nbsp;<\/strong><\/p>\n\n\n\n<p>El Usuario est\u00e1 autorizado \u00fanicamente a acceder a la aplicaci\u00f3n y los servicios que se ofrezcan en la misma y efectuar descargas de sus contenidos para un \u00fanico uso personal y no comercial o colectivo, a excepci\u00f3n de los supuestos expresamente autorizados por Atlas Bike. Queda prohibido al usuario la reproducci\u00f3n o distribuci\u00f3n para otros fines, as\u00ed como la transformaci\u00f3n, comunicaci\u00f3n p\u00fablica, puesta a disposici\u00f3n, extracci\u00f3n, reutilizaci\u00f3n o cualquier uso de la aplicaci\u00f3n y de los servicios o de cualquiera de su contenido.<\/p>\n\n\n\n<p>Todos los derechos de propiedad industrial e intelectual sobre la aplicaci\u00f3n de Atlas Bike y los servicios, su dise\u00f1o gr\u00e1fico y c\u00f3digo fuente, as\u00ed como sobre los distintos elementos incluidos en los mismos (a t\u00edtulo enunciativo: textos, im\u00e1genes, bases de datos, gr\u00e1ficos, logos, marcas, signos distintivos, iconos, botones, fotograf\u00edas, v\u00eddeos, etc.) pertenecen o est\u00e1n licenciados a Atlas Bike.<\/p>\n\n\n\n<p>Atlas Bike se define como fabricante de la base de datos constituida por todo el contenido de la aplicaci\u00f3n en los t\u00e9rminos establecidos en la normativa de propiedad intelectual. En virtud del expuesto derecho, Atlas Bike proh\u00edbe la extracci\u00f3n y\/o reutilizaci\u00f3n de la totalidad o de una parte sustancial del contenido de la aplicaci\u00f3n con el objetivo de contener en la acci\u00f3n un fin comercial que no sea un uso corriente y normal que Atlas Bike ha establecido para ello. La descarga o utilizaci\u00f3n de nuestra aplicaci\u00f3n no concede la licencia o cesi\u00f3n de los derechos de propiedad intelectual.<\/p>\n\n\n\n<p>El usuario dar\u00e1 permiso a Atlas Bike al aprobar las condiciones de uso de la aplicaci\u00f3n, a que su nombre y los datos obtenidos en las carreras realizadas que se expongan en la aplicaci\u00f3n, queden expuestos en el apartado de resultados de la ficha de carrera.<\/p>\n\n\n\n<p><strong>2. CONDICIONES DE USO&nbsp;<\/strong><\/p>\n\n\n\n<p>Una vez el usuario se registra en la aplicaci\u00f3n de Atlas Bike el usuario se compromete a:<\/p>\n\n\n\n<p>-No dar un uso ileg\u00edtimo o inmoral de la informaci\u00f3n y del contenido expuesto en la aplicaci\u00f3n Atlas Bike.<\/p>\n\n\n\n<p>-Responsabilizarse de toda la actividad que realiza desde su cuenta aportando en todo momento una informaci\u00f3n veraz de sus datos y actualizar los mismos cuando sea necesario.<\/p>\n\n\n\n<p>-Utilizar su cuenta con el fin que se realice de manera unipersonal sin que llegue a comercializar, vender o transferir su cuenta a terceras personas.<\/p>\n\n\n\n<p>-Respetar las condiciones de uso y las cl\u00e1usulas legales de la aplicaci\u00f3n.<\/p>\n\n\n\n<p>Las condiciones de uso pueden ser susceptibles a cambios o modificaciones en su contenido debido a futuras ampliaciones de los servicios de la aplicaci\u00f3n.<\/p>\n\n\n\n<p>En los casos en los que se requiera cambiar la contrase\u00f1a de la cuenta, el usuario deber\u00e1 indicar el cambio de contrase\u00f1a para que se efect\u00fae mediante el env\u00edo de la confirmaci\u00f3n desde nuestro mail  <a href=\"mailto:info@atlasbike.es\">info@atlasbike.es<\/a>. A su vez, el usuario podr\u00e1 eliminar la cuenta cuando as\u00ed determine en su perfil de la misma quedando sus datos borrados de la base de datos de Atlas Bike.<\/p>\n\n\n\n<p><strong>3. PROTECCI\u00d3N DE DATOS<\/strong><\/p>\n\n\n\n<p><br><strong><em>Responsable<\/em><\/strong><\/p>\n\n\n\n<p>ATLAS BIKE S.L.<br><\/p>\n\n\n\n<p><strong><em>Finalidad<\/em><\/strong><\/p>\n\n\n\n<p>Atender a sus solicitudes de informaci\u00f3n, enviar informaci\u00f3n de nuestros servicios, Enviarle publicidad, ofertas y novedades a trav\u00e9s de diferente medios.<\/p>\n\n\n\n<p><strong><em>Legitimidad<\/em><\/strong><\/p>\n\n\n\n<p>Consentimiento del interesado<\/p>\n\n\n\n<p><strong><em>Destinatarios<\/em><\/strong><\/p>\n\n\n\n<p>No se ceder\u00e1n datos a terceros salvo obligaci\u00f3n legal<\/p>\n\n\n\n<p><strong><em>Derechos<\/em><\/strong><\/p>\n\n\n\n<p>Tiene derecho a acceder, rectificar y suprimir los datos, as\u00ed como otros derechos, como se explica en la informaci\u00f3n adicional.<\/p>\n\n\n\n<p><strong><em>Informaci\u00f3n adicional<\/em><\/strong><\/p>\n\n\n\n<p>Puede consultar la informaci\u00f3n adicional y detallada sobre Protecci\u00f3n de Datos en m\u00e1s info<\/p>\n\n\n\n<p><br><strong>RESPONSABLE<\/strong><\/p>\n\n\n\n<p><strong>Responsable del Tratamiento:<\/strong><\/p>\n\n\n\n<p>ATLAS BIKE S.L.&nbsp;C.I.F.: B75498097<\/p>\n\n\n\n<p><strong>Contacto del Responsable:<\/strong><\/p>\n\n\n\n<p>Beatriz Muriel Pantoja y Eduardo Garcia De Domingo. Direcci\u00f3n: C\/ Corona 19, Portal B. 28054 (Madrid) Email: info@atlasbike.es<\/p>\n\n\n\n<p><strong>FINALIDAD<\/strong><\/p>\n\n\n\n<p><strong>\u00bfCon qu\u00e9 finalidad tratamos sus datos personales?<\/strong><\/p>\n\n\n\n<p>En ATLAS BIKE tratamos la informaci\u00f3n que nos facilita la persona interesada con el fin de darle a conocer una amplia gu\u00eda de carreras ciclistas nacionales as\u00ed como, los datos y direcciones webs de los clubs que organizan las carreras. Los datos del usuario nos servir\u00e1n para enviarle publicidad, y novedades a trav\u00e9s de diferentes medios, siempre que nos haya dado su consentimiento.En cumplimiento del Reglamento (UE) 2016\/679 relativo a la protecci\u00f3n de las personas f\u00edsicas en lo que respecta al tratamiento de datos personales, comunica a los usuarios registrados en ATLAS BIKE que los datos facilitados a trav\u00e9s de nuestra aplicaci\u00f3n mediante los formularios y\/o e-mails recibidos, y que tienen la consideraci\u00f3n de datos de car\u00e1cter personal, ser\u00e1n incorporados a nuestros sistemas de informaci\u00f3n, con la finalidad de poder gestionar el servicio solicitado, contestar a su solicitud y\/o tramitar su petici\u00f3n.Los usuarios garantizan y responden, en cualquier caso, de la veracidad, exactitud, vigencia, autenticidad, pertinencia y no excesividad de los datos personales proporcionados, y se comprometen a mantenerlos debidamente actualizados. El responsable del fichero ha adoptado los niveles de seguridad de protecci\u00f3n de los datos personales legalmente requeridos, y ha instalado todos los medios y medidas t\u00e9cnicas a su disposici\u00f3n seg\u00fan el estado de la tecnolog\u00eda y sus posibilidades econ\u00f3mica para evitar la p\u00e9rdida, mal uso, alteraci\u00f3n, acceso no autorizado y robo de los datos personales facilitados, a fin de asegurar su privacidad. Y se compromete a cumplir con la obligaci\u00f3n de secreto respecto de los datos incluidos en el fichero.En ning\u00fan caso los datos ser\u00e1n utilizados para fines distintos o cedidos a terceros. ATLAS BIKE en ning\u00fan caso utilizar\u00e1 los<strong> <\/strong>datos personales para el env\u00edo de comunicaciones comerciales no solicitadas sin su autorizaci\u00f3n.Las comunicaciones que se realicen por correo electr\u00f3nico o por cualquier otro medio electr\u00f3nico, ser\u00e1n las necesarias para gestionar su solicitud.No obstante, ser\u00e1n aquellas que hayan sido consentidas o autorizadas expresamente por los destinatarios de conformidad con la Ley 34\/2002, de 11 de julio, de Servicios de la Sociedad de la Informaci\u00f3n y de Comercio Electr\u00f3nico, salvo lo dispuesto por el art\u00edculo 21.2 de esta misma Ley, en la redacci\u00f3n dada por la Disposici\u00f3n Final Primera de la nueva Ley General de Telecomunicaciones.<br>El usuario cuenta con la confidencialidad y el deber de secreto de todos aquellos que traten los datos en nombre y por cuenta del mismo. Sin perjuicio de lo anterior, el usuario es consciente de la posibilidad de que la seguridad de las comunicaciones a trav\u00e9s de red no sea invulnerable.<\/p>\n\n\n\n<p><strong>Plazos o criterios de conservaci\u00f3n de los datos:<\/strong><\/p>\n\n\n\n<p>Sus datos se conservar\u00e1n mientras se est\u00e1 registrado en la aplicaci\u00f3n o hasta que nos solicite su supresi\u00f3n.<\/p>\n\n\n\n<p><strong>LEGITIMACI\u00d3N<\/strong><\/p>\n\n\n\n<p><strong>\u00bfCu\u00e1l es la legitimaci\u00f3n para el tratamiento de sus datos?<\/strong><\/p>\n\n\n\n<p>La&nbsp; base&nbsp; legal&nbsp; para&nbsp; el&nbsp; tratamiento&nbsp; de&nbsp; sus&nbsp; datos&nbsp; es&nbsp; su consentimiento expreso a nuestra Pol\u00edtica de Protecci\u00f3n de Datos, previo a su registro.<\/p>\n\n\n\n<p><strong>Obligaci\u00f3n de facilitar datos:<\/strong><\/p>\n\n\n\n<p>La informaci\u00f3n solicitada es la m\u00ednima necesaria para poder cumplir con la finalidad anteriormente detallada.Si alguno de los datos obligatorios no se cumplimenta impedir\u00e1 completar el proceso solicitado, lo que impedir\u00e1 que usted pueda acceder a los servicios que ATLAS BIKE ofrece.<\/p>\n\n\n\n<p><strong>DESTINATARIOS<\/strong><\/p>\n\n\n\n<p><strong>\u00bfA qu\u00e9 destinatarios se comunicar\u00e1n sus datos?:<\/strong><\/p>\n\n\n\n<p>Los datos que nos proporcione no se comunicar\u00e1n a terceros y quedar\u00e1n registrados de manera confidencial en la base de datos de Atlas Bike.<\/p>\n\n\n\n<p><br><strong>\u00bfD\u00f3nde se almacenan sus datos?<\/strong><\/p>\n\n\n\n<p>En el fichero y base de datos de Atlas Bike.<\/p>\n\n\n\n<p><strong>DERECHOS\u00bfQu\u00e9 derechos le asisten y c\u00f3mo puede ejercerlos?<\/strong><\/p>\n\n\n\n<p>Puede dirigir sus comunicaciones y ejercitar sus derechos mediante una petici\u00f3n a trav\u00e9s del siguiente correo electr\u00f3nico: info@atlasbike.es . En virtud de lo que establece la normativa en protecci\u00f3n de datos puedes solicitar: Derecho de acceso: Puede pedir informaci\u00f3n de sus datos personales que dispongamos.&nbsp;Derecho de rectificaci\u00f3n: Puede comunicar cualquier cambio en sus datos personales.Derecho de supresi\u00f3n y al olvido: Puede solicitar la eliminaci\u00f3n previo bloqueo de sus datos personales. Derecho de limitaci\u00f3n al tratamiento: Puede restringir el tratamiento de los datos personales.Derecho de oposici\u00f3n: Puede retirar el consentimiento del tratamiento de los datos, oponi\u00e9ndose a que se sigan tratando.Derecho a la portabilidad: Puede solicitar el tr\u00e1mite directamente de ATLAS BIKE&nbsp; a otro responsable cuando sea t\u00e9cnicamente posible. Derecho a no ser objeto de decisiones individualizadas: Puede solicitar que no se tomen decisiones que se basen \u00fanicamente en el tratamiento automatizado, incluyendo la elaboraci\u00f3n de perfiles, que produzca efectos jur\u00eddicos o afecte significativamente al interesado.<br><br><strong>\u00bfC\u00f3mo ejercer los derechos anteriores?<\/strong><\/p>\n\n\n\n<p>El interesado podr\u00e1 ejercer sus derechos enviando un escrito de solicitud, con la referencia \u201cProtecci\u00f3n de Datos\u201d, adjuntando una copia de su DNI o documento identificativo equivalente a: ATLAS BIKE a la direcci\u00f3n de email anteriormente detallada.<\/p>\n\n\n\n<p><strong>Derecho a retirar el consentimiento prestado:<\/strong><\/p>\n\n\n\n<p>El interesado puede revocar en cualquier momento el consentimiento prestado para el tratamiento de sus datos mediante un escrito dirigido a ATLAS BIKE a la direcci\u00f3n de email, anteriormente detallada, con la referencia Protecci\u00f3n de Datos, adjuntando copia de su DNI o documento identificativo equivalente, sin que esta revocaci\u00f3n del consentimiento afecte al tratamiento basado en el consentimiento previo a su retirada.<\/p>\n\n\n\n<p><strong>Derecho a reclamar ante la Autoridad de Control:<\/strong><\/p>\n\n\n\n<p>En todo caso, el interesado podr\u00e1, si entiende que sus derechos han sido vulnerados, interponer una reclamaci\u00f3n ante la Agencia Espa\u00f1ola a de Protecci\u00f3n de Datos, con domicilio en calle Jorge Juan 6, 28001 de Madrid, tel\u00e9fono 901 100 099, y sitio web www.agpd.es.<\/p>\n\n\n\n<p><strong>PROCEDENCIA<\/strong><\/p>\n\n\n\n<p><strong>Origen de los Datos:<\/strong>Todos los datos del interesado tratados por ATLAS BIKE han sido informados libremente por el interesado.<br><br><br><strong>Datos personales que el usuario puede llegar a proporcionar:<\/strong><\/p>\n\n\n\n<p><strong>Datos identificativos<\/strong> (por ejemplo, nombre, apellidos, provincia donde pertenece su municipio donde reside, correo electr\u00f3nico, fecha de nacimiento y modalidad de ciclismo que pr\u00e1ctica).\u00a0<\/p>\n\n\n\n<p><strong>Informaci\u00f3n comercial <\/strong>Se enviar\u00e1 informaci\u00f3n relativa de eventos deportivos y descuentos publicitarios de productos a todo usuario que est\u00e9 registrado en la aplicaci\u00f3n ATLAS BIKE. De no estar interesado en la recepci\u00f3n de esta informaci\u00f3n, se deber\u00e1 comunicar a trav\u00e9s de un correo electr\u00f3nico a info@atlasbike.es .<\/p>\n\n\n\n<p><br>El no aceptar la presente pol\u00edtica de protecci\u00f3n de datos supone la imposibilidad de suscribirse o registrarse a la aplicaci\u00f3n.\u00a0<\/p>\n\n\n\n<p><strong>\u00bfPor qu\u00e9 y para qu\u00e9 tratamos sus datos?<\/strong>&nbsp;<\/p>\n\n\n\n<p>Atlas Bike tratar\u00e1 los datos del usuario con la finalidad de:Atenci\u00f3n al cliente. El titular de la aplicaci\u00f3n necesita el tratamiento de sus datos para realizar diferentes tr\u00e1mites con el objetivo de conseguir una navegaci\u00f3n y experiencia exitosa para el usuario. Estos tr\u00e1mites pueden ser: Atender dudas y preguntas que puedan surgir del usuario, ayuda de navegaci\u00f3n de la aplicaci\u00f3n, env\u00edo de informaci\u00f3n al usuario relacionada con las carreras ciclistas expuestas, etc.Gestionar el registro del usuario en la aplicaci\u00f3n. El tratamiento de sus datos es necesario para la ejecuci\u00f3n de los t\u00e9rminos que regulan el uso de la aplicaci\u00f3n.&nbsp;Marketing. El usuario nos presta consentimiento para tratar sus datos con finalidades de promoci\u00f3n y marketing. El usuario puede aceptar recibir informaci\u00f3n personalizada a trav\u00e9s de diversos medios, autorizando el env\u00edo de notificaciones push dentro de la aplicaci\u00f3n, o cuando acepta las bases legales para participar en una acci\u00f3n futura promocional.&nbsp;An\u00e1lisis de usabilidad y de calidad; Tenemos un inter\u00e9s leg\u00edtimo para analizar la usabilidad de la aplicaci\u00f3n y el grado de satisfacci\u00f3n del usuario, por lo tanto, la informaci\u00f3n relativa a los datos del usuario para ATLAS BIKE es muy importante a la hora de mejorar la funcionalidad y la calidad de la aplicaci\u00f3n.<\/p>\n\n\n\n<p>&nbsp;<br><strong>POL\u00cdTICA DE COOKIES<\/strong><\/p>\n\n\n\n<p><br>I<strong>dentificaci\u00f3n del Titular de la app:<\/strong><\/p>\n\n\n\n<p>ATLAS BIKE SL, es una compa\u00f1\u00eda de nacionalidad espa\u00f1ola, con CIF B75498097, domicilio en C\/ Corona 19, Portal B. 28054 (Madrid).&nbsp; &nbsp; &nbsp; &nbsp; &nbsp; &nbsp; &nbsp; &nbsp; &nbsp; &nbsp; &nbsp; &nbsp; &nbsp; &nbsp; &nbsp; &nbsp; &nbsp; &nbsp; &nbsp; &nbsp; &nbsp; &nbsp;<\/p>\n\n\n\n<p><strong>Qu\u00e9 es una cookie<\/strong><\/p>\n\n\n\n<p>Una cookie es un fichero que se descarga en su ordenador, dispositivo o terminal (tel\u00e9fono, tableta, etc.) cuando desde tales dispositivos se accede a la aplicaci\u00f3n o p\u00e1gina web desde la que se descargan las cookies. Las cookies permiten que una aplicaci\u00f3n o p\u00e1gina web pueda, entre otras cosas, almacenar y recuperar informaci\u00f3n sobre los h\u00e1bitos de navegaci\u00f3n de un usuario o de su equipo; y, dependiendo de la informaci\u00f3n que contengan y de la forma en que utilice su equipo, pueden servir para reconocer los h\u00e1bitos de navegaci\u00f3n y las preferencias de la persona que maneja tales dispositivos y, en el caso de que la facilite por un procedimiento de registro u otro de similar naturaleza, la identidad del usuario de la misma.<\/p>\n\n\n\n<p><strong>Qu\u00e9 tipos de cookies se utilizan en Atlas Bike, y cu\u00e1l es su objetivo.<\/strong><\/p>\n\n\n\n<p>Las cookies existentes en la aplicaci\u00f3n son: \u201cPropias\u201d o \u201cde terceros\u201d, seg\u00fan sean gestionadas por el titular de la aplicaci\u00f3n o por compa\u00f1\u00edas distintas del titular. \u201cDe sesi\u00f3n\u201d o \u201cpersistentes\u201d, seg\u00fan se autoeliminan al finalizar la sesi\u00f3n, esto es, al cerrar el navegador que Ud. utiliza para navegar por internet, o permanezcan en su equipo despu\u00e9s de haber cerrado el navegador. \u201cDe an\u00e1lisis\u201d o \u201cpublicitarias\u201d. Las \u201cde an\u00e1lisis\u201d son aqu\u00e9llas que, bien tratadas por el titular o por terceros, tienen por objeto cuantificar el n\u00famero de usuarios y realizar la medici\u00f3n y an\u00e1lisis estad\u00edstico de la utilizaci\u00f3n que hacen los usuarios del servicio ofertado, para lo que se analiza su navegaci\u00f3n en la aplicaci\u00f3n, con el fin de que \u00e9sta pueda mejorar o personalizar la oferta de servicios que \u00e9sta ofrece. Las \u201cpublicitarias\u201d son aqu\u00e9llas que, bien tratadas por el titular o por terceros, permiten gestionar de la forma m\u00e1s eficaz posible la oferta de los espacios publicitarios que hay en la aplicaci\u00f3n, adecuando el contenido del anuncio al contenido del servicio solicitado o al uso que cada usuario realiza de la aplicaci\u00f3n. Para ello, se analizan los h\u00e1bitos de navegaci\u00f3n y se muestra publicidad relacionada con el perfil de navegaci\u00f3n del usuario.Espec\u00edficamente, las cookies utilizadas en esta aplicaci\u00f3n, con indicaci\u00f3n de su car\u00e1cter propio o de terceros, su respectiva finalidad y su car\u00e1cter permanente o no, son las siguientes:<\/p>\n\n\n\n<p><strong>NombreServidor de OrigenPropia \/ De tercerosFinalidadDe sesi\u00f3n o persistente<\/strong><\/p>\n\n\n\n<p>Google AnalyticsGoogle.comDe tercerosAn\u00e1lisis de navegaci\u00f3nDe sesi\u00f3nAddthisaddthis.comDe tercerosAn\u00e1lisis de navegaci\u00f3n\/Compartir contenidoDe sesi\u00f3nLos proveedores de las cookies, distintos al propietario de la aplicaci\u00f3n que tratan la informaci\u00f3n obtenida a trav\u00e9s de ellas, la finalidad de las cookies, y las direcciones web en las que Ud. puede encontrar informaci\u00f3n adicional sobre tales extremos son los siguientes:<\/p>\n\n\n\n<p><br><strong>Proveedor&nbsp; CookieFinalidadInformaci\u00f3n adicional<\/strong><\/p>\n\n\n\n<p>Google Adsensehttps:\/\/support.google.com\/adsense\/answer\/1348695?hl=esSegmentaci\u00f3n publicitaria- Es importante detallar que los diferentes tipos de cookies que est\u00e1n expuestos aqu\u00ed arriba pueden cambiar en funci\u00f3n de los servicios ofrecidos en la aplicaci\u00f3n. Por lo tanto, es posible que en alg\u00fan momento no se mencionan los tipos de cookies espec\u00edficos. Esto puede pasar en el momento de actualizaci\u00f3n de la aplicaci\u00f3n.El usuario puede configurar, deshabilitar o eliminar las cookies accediendo a la configuraci\u00f3n de las opciones del navegador de internet, o acudiendo a las direcciones de internet de los proveedores de las diferentes cookies y siguiendo los procesos de los mismos. Es importante mencionar que si el usuario no da permiso a la instalaci\u00f3n de cookies es probable que no pueda acceder a determinados contenidos o servicios de la aplicaci\u00f3n.La Informaci\u00f3n facilitada a los usuarios por los fabricantes de los navegadores de internet m\u00e1s habituales se encuentra accesible a trav\u00e9s de los siguientes enlaces: <a href=\"https:\/\/www.microsoft.com\/es-es\/download\/internet-explorer.aspx\">Internet Explorer<\/a>, <a href=\"https:\/\/www.apple.com\/es\/safari\/\">Safari<\/a>, <a href=\"https:\/\/support.apple.com\/es-es\/safari\">Safari para IOS (iPad y iPhone)<\/a>, <a href=\"https:\/\/www.mozilla.org\/es-ES\/firefox\/new\/\">Mozilla Firefox<\/a>, <a href=\"https:\/\/www.google.es\/chrome\/index.html\">Google Chrome<\/a>, <a href=\"https:\/\/www.google.es\/chrome\/browser\/mobile\/index.html\">Google Chrome para Android<\/a>.<\/p>\n\n\n\n<p><strong>Informaci\u00f3n facilitada a los usuarios por los proveedores de cookies:<\/strong><\/p>\n\n\n\n<p>Es a trav\u00e9s del proveedor, la cookie y el procedimiento de supresi\u00f3n o deshabilitaci\u00f3n.<\/p>\n\n\n\n<p><strong>Consentimiento del usuario<\/strong><\/p>\n\n\n\n<p>El Titular de la aplicaci\u00f3n no guarda los datos personales de los usuarios que navegan por la aplicaci\u00f3n. S\u00ed guarda las direcciones IP desde las que \u00e9stos acceden. Los usuarios pueden registrarse en la aplicaci\u00f3n de manera voluntaria, todos sus datos y su tratamiento se describen en la <a href=\"https:\/\/www.circuito7estrellas.com\/web-privacidad\">Pol\u00edtica de privacidad<\/a>. La recogida de los datos personales ser\u00e1 necesaria para la contrataci\u00f3n de servicios que se pueda ofrecer en un futuro en la aplicaci\u00f3n. As\u00ed como el env\u00edo de promociones, ofertas e informaci\u00f3n del mundo del ciclismo. Anteriormente, la aplicaci\u00f3n habr\u00e1 solicitado su consentimiento informando de la finalidad de la recogida de datos personales as\u00ed como la duraci\u00f3n de la conservaci\u00f3n de los mismos.Al navegar en las direcciones de Internet, el usuario inicialmente, nos ha prestado su consentimiento al uso de las cookies detalladas en la Pol\u00edtica de Cookies.<br><br><\/p>\n","protected":false},"excerpt":{"rendered":"<p>1. AVISO LEGAL TITULAR DE LA APLICACI\u00d3N Nombre: Atlas Bike, SL. CIF:&nbsp;B75498097 N\u00famero del Registro Mercantil: Asiento 14179 Tomo, Folio 0, Hoja M-839574, Inscripci\u00f3n 1\u00aa. Direcci\u00f3n postal:&nbsp; C\/ Corona 19, Portal B. 28054 (Madrid) Correo electr\u00f3nico: info@atlasbike.es GARANT\u00cdA Y RESPONSABILIDAD Atlas Bike garantiza el servicio de informaci\u00f3n en su aplicaci\u00f3n en relaci\u00f3n con las carreras [&hellip;]<\/p>\n","protected":false},"author":1,"featured_media":0,"parent":0,"menu_order":0,"comment_status":"closed","ping_status":"closed","template":"","meta":{"footnotes":""},"class_list":["post-108","page","type-page","status-publish","hentry"],"_links":{"self":[{"href":"https:\/\/www.atlasbike.es\/index.php\/wp-json\/wp\/v2\/pages\/108","targetHints":{"allow":["GET"]}}],"collection":[{"href":"https:\/\/www.atlasbike.es\/index.php\/wp-json\/wp\/v2\/pages"}],"about":[{"href":"https:\/\/www.atlasbike.es\/index.php\/wp-json\/wp\/v2\/types\/page"}],"author":[{"embeddable":true,"href":"https:\/\/www.atlasbike.es\/index.php\/wp-json\/wp\/v2\/users\/1"}],"replies":[{"embeddable":true,"href":"https:\/\/www.atlasbike.es\/index.php\/wp-json\/wp\/v2\/comments?post=108"}],"version-history":[{"count":8,"href":"https:\/\/www.atlasbike.es\/index.php\/wp-json\/wp\/v2\/pages\/108\/revisions"}],"predecessor-version":[{"id":202,"href":"https:\/\/www.atlasbike.es\/index.php\/wp-json\/wp\/v2\/pages\/108\/revisions\/202"}],"wp:attachment":[{"href":"https:\/\/www.atlasbike.es\/index.php\/wp-json\/wp\/v2\/media?parent=108"}],"curies":[{"name":"wp","href":"https:\/\/api.w.org\/{rel}","templated":true}]}}